(-9)?
1
Let y(s) = 256*s + 5178. Give y(-22).
-454
Let i(x) = 60*x**3 - 6962*x**2 + 234*x - 207. Calculate i(116).
25
Let t(p) = -3*p**3 + 445*p**2 + 328*p - 4192. Determine t(149).
278
Let w(g) = 5*g**2 + 3979*g + 2878. Give w(-795).
-302
Let f(r) = -5*r**2 - 2166*r - 41700. What is f(-413)?
13
Let n(a) = -3*a**3 - 314*a**2 - 7726*a + 592. Determine n(-65).
7
Let u(q) = 6*q**3 + 703*q**2 + 122*q + 211. Calculate u(-117).
-374
Let q(n) = -624*n**2 + 58647*n + 842. Determine q(94).
-4
Let a(v) = -21*v**3 - 510*v**2 + 941*v + 214. Calculate a(-26).
84
Let m(n) = -48917*n + 3522046. Determine m(72).
22
Let s(d) = 2*d**3 + 23*d**2 - 54*d - 24. Determine s(-13).
171
Let h(x) = 237*x**2 + 1907*x + 1687. What is h(-7)?
-49
Let n(a) = 8120*a + 7129354. Calculate n(-878).
-6
Let z(y) = -914*y**2 + 77688*y + 133. Determine z(85).
-37
Let i(k) = 14066*k - 84386. Give i(6).
10
Let v(l) = -270150*l - 810634. Give v(-3).
-184
Let w(k) = 2*k**2 - 54*k - 4925. What is w(-38)?
15
Let x(f) = f**3 - 77*f**2 + 259*f - 616. Give x(74).
2122
Let q(j) = 63040*j - 378197. Give q(6).
43
Let z(c) = 290*c**2 + 5254*c - 27. Give z(-18).
-639
Let y(w) = -157*w - 15877. Give y(-102).
137
Let k(n) = 3*n**2 + 3210*n - 143567. Determine k(43).
10
Let l(h) = 390*h + 235565. Determine l(-604).
5
Let x(a) = -a**2 + 158*a + 320651. Give x(650).
851
Let l(t) = 8*t**2 + 443*t - 13516. Determine l(-77).
-195
Let v(y) = -8*y**3 - 81*y**2 + 31*y + 52. Give v(-11).
558
Let g(j) = -j**3 - 52*j**2 - 336*j - 65. What is g(-40)?
-5825
Let i(w) = 10323*w - 320258. What is i(31)?
-245
Let c(u) = -u**3 - 66*u**2 - 111*u - 2966. Calculate c(-65).
24
Let l(j) = 4*j**3 - 23*j**2 + 136*j - 187. Give l(7).
1010
Let y(f) = -2211*f - 24412. Determine y(-11).
-91
Let u(l) = l**3 + 13*l**2 - 391*l + 1778. Give u(8).
-6
Let f(i) = i**3 - 11*i**2 + 14*i + 15. Calculate f(5).
-65
Let d(y) = -10*y**2 + 724*y - 13099. Calculate d(37).
-1
Let d(h) = 4472061*h + 4472053. What is d(-1)?
-8
Let r(t) = -17*t + 475. Give r(-14).
713
Let f(z) = -53*z**2 + 397*z + 196. What is f(9)?
-524
Let v(w) = 371221*w + 371225. Determine v(-1).
4
Let b(s) = 2*s**3 - 264*s**2 - 223*s - 5594. What is b(133)?
125
Let l(a) = 12*a**2 - 2000*a - 715. What is l(167)?
-47
Let v(i) = -i**3 - 27*i**2 + 94*i + 1212. What is v(-26)?
-1908
Let j(f) = f**3 + 4*f**2 - 14*f + 21. Give j(-8).
-123
Let v(o) = 14121*o + 748700. Give v(-53).
287
Let v(x) = -x**3 - 3*x**2 - 379*x + 1894. What is v(5)?
-201
Let f(d) = -4*d**2 + 1931*d + 95001. Determine f(-45).
6
Let y(r) = 2525*r + 2449. What is y(-1)?
-76
Let h(g) = -17061*g - 85134. Calculate h(-5).
171
Let w(s) = -95693*s - 1626781. Calculate w(-17).
0
Let i(v) = -40*v**3 - 561*v**2 - 17*v - 152. Determine i(-14).
-110
Let i(f) = -10748*f - 64742. Give i(-6).
-254
Let x(u) = 89*u**3 - 12*u**2 + 13*u + 12. Give x(2).
702
Let f(p) = -9478*p - 3487883. Give f(-368).
21
Let n(p) = -7*p**2 - 37263*p + 223616. Determine n(6).
-214
Let n(q) = 8*q**3 - 1678*q**2 - 389*q - 6421. Determine n(210).
89
Let h(b) = 3010095*b - 48161514. Give h(16).
6
Let u(x) = -x**2 + 191*x - 8674. Determine u(116).
26
Let j(x) = -4*x**3 + 38*x**2 - 17*x + 22. Calculate j(10).
-348
Let j(n) = 629*n + 1388. Determine j(-2).
130
Let i(o) = -24*o**3 + 60*o**2 + 134*o - 5. Calculate i(-3).
781
Let u(m) = 3*m**3 + 103*m**2 - 412*m + 225. Give u(-38).
-3
Let w(h) = -h**2 - 328*h + 8265. Give w(23).
192
Let r(x) = -19*x**3 + 23333*x**2 - 1144*x - 103147. Calculate r(1228).
5
Let x(n) = -2*n**2 - 607*n + 31012. Give x(-348).
40
Let g(r) = r**3 - 6*r**2 - 22*r + 112. Calculate g(6).
-20
Let p(l) = 4*l**3 - 400*l**2 - 815*l - 45. Calculate p(102).
57
Let m(r) = 10196*r - 51305. Determine m(5).
-325
Let p(t) = -8*t**2 - 277*t + 492. Determine p(-36).
96
Let i(x) = -3*x**3 - 729*x**2 + 48*x + 11676. Give i(-243).
12
Let i(k) = -3*k**2 + 1576*k - 37349. Calculate i(25).
176
Let m(y) = -y**2 - 306*y + 139788. Calculate m(-557).
-19
Let j(g) = 6951*g + 20899. What is j(-3)?
46
Let q(a) = -2218*a + 57785. Determine q(26).
117
Let r(c) = 175*c + 9666. Determine r(-53).
391
Let b(s) = -19619*s + 784755. Determine b(40).
-5
Let x(y) = -y**3 - 499*y**2 - 15760*y + 23152. Give x(-465).
-98
Let d(x) = -378*x**3 + 47250*x**2 + 4*x - 508. Give d(125).
-8
Let o(k) = -k**3 - 99*k**2 + 953*k. Calculate o(10).
-1370
Let w(v) = -2*v**3 + 33*v**2 + 405*v - 107. Determine w(25).
-607
Let f(a) = 114*a + 28763. Determine f(-252).
35
Let l(x) = -942*x**2 + 15*x - 15. Give l(1).
-942
Let x(o) = -118*o**2 - 13084*o + 1578. What is x(-111)?
24
Let r(t) = 1947*t**2 + 35044*t - 19. Give r(-18).
17
Let c(g) = 2*g**2 + 129*g - 4894. What is c(27)?
47
Let t(h) = -1602*h + 16094. What is t(10)?
74
Let d(w) = -2*w**3 + 764*w**2 - 781*w + 7315. Determine d(381).
76
Let w(h) = -2*h**2 - 5223*h + 99830. Determine w(19).
-129
Let d(z) = 338*z**2 + 31*z. Calculate d(2).
1414
Let p(q) = -9*q**3 + 67*q**2 + 392*q - 2830. Calculate p(8).
-14
Let i(j) = -3160*j + 1162894. Give i(368).
14
Let g(w) = w**3 + 39*w**2 + 180*w + 361. What is g(-34)?
21
Let l(q) = 12*q**3 + 9*q**2 + 118*q + 468. What is l(-4)?
-628
Let q(l) = -4*l**3 + 68*l**2 + 264*l - 90. Calculate q(20).
390
Let u(x) = x**2 + 3328*x + 128634. What is u(-39)?
363
Let p(a) = a**3 - 393*a**2 + 807*a - 9779. What is p(391)?
-4
Let x(q) = -q**3 + 20*q**2 + 921*q - 40. Give x(-22).
26
Let t(d) = 12260*d + 110307. Determine t(-9).
-33
Let q(c) = c**3 - 500*c**2 + 48813*c - 751. What is q(367)?
-17
Let m(s) = 16*s - 1261. What is m(22)?
-909
Let q(t) = 56720*t + 113720. Determine q(-2).
280
Let n(h) = -h**3 + 286*h**2 + 2067*h - 4761. Calculate n(293).
-73
Let i(v) = v**2 - 287*v + 16237. Calculate i(85).
-933
Let p(r) = 915*r + 131785. What is p(-144)?
25
Let m(i) = -46648*i + 513104. Give m(11).
-24
Let z(d) = -5*d**3 + 224*d**2 - 239*d + 2764. Determine z(44).
-8
Let r(w) = -1052*w + 34706. Calculate r(33).
-10
Let d(g) = -g**2 - 2*g + 10815. Calculate d(103).
0
Let n(u) = -4*u**2 - 38308*u + 1229950. Give n(32).
-2
Let g(k) = 7*k**3 - 320*k**2 + 485*k + 254. Determine g(2).
0
Let d(s) = -30826*s - 215778. What is d(-7)?
4
Let u(r) = -115*r - 5666. Give u(-49).
-31
Let r(u) = -u**3 + 147*u**2 - 2851*u - 45. Determine r(23).
-22
Let o(h) = -30192*h - 362335. Determine o(-12).
-31
Let l(b) = b**3 - 168*b**2 - 638*b + 79232. What is l(169)?
-29
Let d(y) = 1650*y + 108529. What is d(-66)?
-371
Let q(g) = -3*g**2 - 9731*g + 19463. Give q(2).
-11
Let r(n) = 181*n**2 - 3193*n + 51. Calculate r(18).
1221
Let r(u) = 2*u**3 - 25*u**2 - 924*u - 957. Calculate r(29).
0
Let a(b) = -8*b**3 + 858*b**2 - 1670*b - 95. Calculate a(2).
-67
Let v(w) = -21284*w + 85348. Calculate v(4).
212
Let q(b) = 4*b**2 + 327*b + 3274. Calculate q(-10).
404
Let c(h) = -15313*h**2 - 122523*h - 34. Calculate c(-8).
118
Let w(v) = 71861*v + 790474. What is w(-11)?
3
Let a(u) = -35*u**3 - 1021*u**2 + 3*u. Calculate a(0).
0
Let j(i) = -i**3 + 9*i**2 - 966*i + 14550. Give j(14).
46
Let f(n) = -54*n**3 - 912*n**2 - 3209*n - 5. Give f(-5).
-10
Let y(i) = -273*i + 5497. Give y(22).
-509
Let x(s) = s**3 + 8*s**2 - 280*s - 2. Determine x(-17).
2157
Let l(k) = -213*k**2 - 147*k - 167. Give l(-2).
-725
Let h(o) = 2364*o - 82751. Calculate h(35).
-11
Let c(r) = r**2 + 19627*r + 39260. What is c(-2)?
10
Let j(g) = 5196*g - 13799. Give j(2).
-3407
Let i(o) = 3*o**2 - 798*o + 19039. Give i(27).
-320
Let g(o) = 3892*o - 62156. What is g(16)?
116
Let h(o) = o**2 - 37923*o - 834802. Give h(-22).
-12
Let h(l) = 84417*l + 1012991. What is h(-12)?
-13
Let n(j) = 163*j**2 - 172*j - 17. Give n(1).
-26
Let s(d) = -2*d**2 + 3608*d + 556864. Determine s(-143).
22
Let q(g) = -380*g - 17926. What is q(-47)?
-66
Let r(p) = 3*p**3 + 132*p**2 + 1407*p + 65. Determine r(-26).
-13
Let u(j) = -9547*j + 190523. Calculate u(20).
-417
Let q(j) = -2349*j + 1684. Determine q(3).
-5363
Let t(m) = -m**3 + 1063*m**2 + 33915*m - 1086. Give t(1094).
8
Let a(n) = 14142*n + 9263020. Determine a(-655).
10
Let n(t) = -t**2 - 935*t - 147322. Determine n(-200).
-322
Let o(d) = 3*d**3 - 1372*d**2 - 4146*d + 20. Determine o(-3).
29
Let p(v) = -30217*v - 30195. Determine p(-1).
22
Let i(m) = m**3 - 70*m**2 + 209*m - 571. What is i(67)?
-35
Let t(n) = -61*n**2 - 37*n + 5726. Calculate t(-10).
-4
Let